{"id":637,"date":"2023-02-04T11:56:18","date_gmt":"2023-02-04T11:56:18","guid":{"rendered":"https:\/\/sexmeros.com\/sexmoelespinar\/?page_id=637"},"modified":"2023-02-04T12:01:33","modified_gmt":"2023-02-04T12:01:33","slug":"politica-de-cookies","status":"publish","type":"page","link":"https:\/\/sexmeros.com\/sexmoelespinar\/politica-de-cookies\/","title":{"rendered":"Pol\u00edtica de Cookies"},"content":{"rendered":"<div data-colibri-id=\"637-c1\" class=\"style-423 style-local-637-c1 position-relative\">\n  <!---->\n  <div data-colibri-component=\"section\" data-colibri-id=\"637-c2\" id=\"custom\" class=\"h-section h-section-global-spacing d-flex align-items-lg-center align-items-md-center align-items-center style-424 style-local-637-c2 position-relative\">\n    <!---->\n    <!---->\n    <div class=\"h-section-grid-container h-section-boxed-container\">\n      <!---->\n      <div data-colibri-id=\"637-c3\" class=\"h-row-container gutters-row-lg-2 gutters-row-md-2 gutters-row-0 gutters-row-v-lg-2 gutters-row-v-md-2 gutters-row-v-2 style-425 style-local-637-c3 position-relative\">\n        <!---->\n        <div class=\"h-row justify-content-lg-center justify-content-md-center justify-content-center align-items-lg-stretch align-items-md-stretch align-items-stretch gutters-col-lg-2 gutters-col-md-2 gutters-col-0 gutters-col-v-lg-2 gutters-col-v-md-2 gutters-col-v-2\">\n          <!---->\n          <div class=\"h-column h-column-container d-flex h-col-lg-auto h-col-md-auto h-col-auto style-426-outer style-local-637-c4-outer\">\n            <div data-colibri-id=\"637-c4\" class=\"d-flex h-flex-basis h-column__inner h-px-lg-2 h-px-md-2 h-px-2 v-inner-lg-2 v-inner-md-2 v-inner-2 style-426 style-local-637-c4 position-relative\">\n              <!---->\n              <!---->\n              <div class=\"w-100 h-y-container h-column__content h-column__v-align flex-basis-100 align-self-lg-start align-self-md-start align-self-start\">\n                <!---->\n                <div data-colibri-id=\"637-c9\" class=\"h-text h-text-component style-431 style-local-637-c9 position-relative h-element\">\n                  <!---->\n                  <!---->\n                  <div class=\"\">\n                    <p>Las cookies son peque\u00f1as cantidades de informaci\u00f3n que se almacenan en el navegador utilizado por cada usuario para que el servidor recuerde cierta informaci\u00f3n que posteriormente pueda utilizar.<\/p>\n                    <h4>TIPOS DE COOKIES QUE UTILIZAMOS<\/h4>\n                    <p>Esta p\u00e1gina web utiliza cookies de terceros que son aquellas que se env\u00edan a tu ordenador o terminal desde un dominio o una p\u00e1gina web que no es gestionada por nosotros, sino por otra entidad que trata los datos obtenidos a trav\u00e9s\n                      de las cookies.<\/p>\n                    <p>En este caso las Cookies son utilizadas con fines estad\u00edsticos relacionados con las visitas que recibe y las p\u00e1ginas que se consultan, quedando aceptado su uso al navegar por ella.<\/p>\n                    <p>\n                      <br>\n                    <\/p>\n                  <\/div>\n                <\/div>\n                <div data-colibri-id=\"637-c34\" class=\"d-block style-444 style-local-637-c34 position-relative h-element\">\n                  <!---->\n                  <div class=\"h-image__frame-container-outer\">\n                    <div class=\"h-image__frame-container\">\n                      <!---->\n                      <!---->\n                      <img decoding=\"async\" loading=\"lazy\" width=\"1240\" height=\"820\" src=\"https:\/\/sexmeros.com\/sexmoelespinar\/wp-content\/uploads\/2023\/02\/cookies.png\" class=\"wp-image-647 style-444-image style-local-637-c34-image\" srcset=\"https:\/\/sexmeros.com\/sexmoelespinar\/wp-content\/uploads\/2023\/02\/cookies.png 1240w, https:\/\/sexmeros.com\/sexmoelespinar\/wp-content\/uploads\/2023\/02\/cookies-300x198.png 300w, https:\/\/sexmeros.com\/sexmoelespinar\/wp-content\/uploads\/2023\/02\/cookies-1024x677.png 1024w, https:\/\/sexmeros.com\/sexmoelespinar\/wp-content\/uploads\/2023\/02\/cookies-768x508.png 768w\" sizes=\"(max-width: 1240px) 100vw, 1240px\" alt=\"\" \/>\n                      <div class=\"h-image__frame h-hide-lg h-hide-md h-hide-sm style-444-frameImage style-local-637-c34-frameImage\"><\/div>\n                    <\/div>\n                  <\/div>\n                <\/div>\n                <div data-colibri-id=\"637-c35\" class=\"h-text h-text-component style-445 style-local-637-c35 position-relative h-element\">\n                  <!---->\n                  <!---->\n                  <div class=\"\">\n                    <p>Si desea m\u00e1s informaci\u00f3n m\u00e1s sobre los tipos de cookies de seguimiento y an\u00e1lisis de datos de Google&nbsp;\n                      <a href=\"https:\/\/www.google.com\/intl\/es_es\/policies\/technologies\/types\" rel=\"noopener\" target=\"_blank\" style=\"color: rgb(0, 139, 226); font-size: 15px;\" class=\"customize-unpreviewable\">haga clic aqu\u00ed<\/a>.<\/p>\n                    <p>Para informarse sobre c\u00f3mo eliminar las cookies de su explorador:<\/p>\n                    <ul>\n                      <li class=\"ql-indent-1\">\n                        <a href=\"https:\/\/support.mozilla.org\/es\/kb\/habilitar-y-deshabilitar-cookies-sitios-web-rastrear-preferencias\" rel=\"noopener\" target=\"_blank\" style=\"color: rgb(0, 139, 226); font-size: 15px;\" class=\"customize-unpreviewable\">Firefox<\/a>\n                      <\/li>\n                      <li class=\"ql-indent-1\">\n                        <a href=\"https:\/\/support.google.com\/chrome\/answer\/95647?hl=es\" rel=\"noopener\" target=\"_blank\" style=\"color: rgb(0, 139, 226); font-size: 15px;\" class=\"customize-unpreviewable\">Chrome<\/a>\n                      <\/li>\n                      <li class=\"ql-indent-1\">\n                        <a href=\"https:\/\/support.microsoft.com\/es-es\/topic\/eliminar-y-administrar-cookies-168dab11-0753-043d-7c16-ede5947fc64d\" rel=\"noopener\" target=\"_blank\" style=\"color: rgb(0, 139, 226); font-size: 15px;\" class=\"customize-unpreviewable\">Internet Explorer<\/a>\n                      <\/li>\n                      <li class=\"ql-indent-1\">\n                        <a href=\"https:\/\/unlooc.com\" rel=\"noopener\" target=\"_blank\" style=\"color: rgb(0, 139, 226); font-size: 15px;\" class=\"customize-unpreviewable\">Safari<\/a>\n                      <\/li>\n                      <li class=\"ql-indent-1\">\n                        <a href=\"https:\/\/www.allaboutcookies.org\/es\/administrar-las-cookies\/opera.html\" rel=\"noopener\" target=\"_blank\" style=\"color: rgb(0, 139, 226); font-size: 15px;\" class=\"customize-unpreviewable\">Opera<\/a>\n                      <\/li>\n                    <\/ul>\n                    <p>\n                      <br>\n                    <\/p>\n                  <\/div>\n                <\/div>\n              <\/div>\n            <\/div>\n          <\/div>\n        <\/div>\n      <\/div>\n    <\/div>\n  <\/div>\n  <div data-colibri-component=\"section\" data-colibri-id=\"637-c5\" id=\"custom-2\" class=\"h-section h-section-global-spacing d-flex align-items-lg-center align-items-md-center align-items-center style-427 style-local-637-c5 position-relative\">\n    <!---->\n    <!---->\n    <div class=\"h-section-grid-container h-section-boxed-container\">\n      <!---->\n      <div data-colibri-id=\"637-c6\" class=\"h-row-container gutters-row-lg-2 gutters-row-md-2 gutters-row-0 gutters-row-v-lg-2 gutters-row-v-md-2 gutters-row-v-2 style-428 style-local-637-c6 position-relative\">\n        <!---->\n        <div class=\"h-row justify-content-lg-center justify-content-md-center justify-content-center align-items-lg-stretch align-items-md-stretch align-items-stretch gutters-col-lg-2 gutters-col-md-2 gutters-col-0 gutters-col-v-lg-2 gutters-col-v-md-2 gutters-col-v-2\">\n          <!---->\n          <div class=\"h-column h-column-container d-flex h-col-lg-auto h-col-md-auto h-col-auto style-429-outer style-local-637-c7-outer\">\n            <div data-colibri-id=\"637-c7\" class=\"d-flex h-flex-basis h-column__inner h-px-lg-2 h-px-md-2 h-px-2 v-inner-lg-2 v-inner-md-2 v-inner-2 style-429 style-local-637-c7 position-relative\">\n              <!---->\n              <!---->\n              <div class=\"w-100 h-y-container h-column__content h-column__v-align flex-basis-100 align-self-lg-start align-self-md-start align-self-start\">\n                <!---->\n                <div data-colibri-id=\"637-c10\" class=\"d-block style-432 style-local-637-c10 position-relative h-element\">\n                  <!---->\n                  <div class=\"h-image__frame-container-outer\">\n                    <div class=\"h-image__frame-container\">\n                      <!---->\n                      <!---->\n                      <img decoding=\"async\" src=\"https:\/\/sexmeros.com\/sexmoelespinar\/wp-content\/uploads\/2023\/02\/Logo-Sexmeros-texto-svg-300x115.png\" class=\"style-432-image style-local-637-c10-image\">\n                      <div class=\"h-image__frame h-hide-lg h-hide-md h-hide-sm style-432-frameImage style-local-637-c10-frameImage\"><\/div>\n                    <\/div>\n                  <\/div>\n                <\/div>\n              <\/div>\n            <\/div>\n          <\/div>\n        <\/div>\n      <\/div>\n    <\/div>\n  <\/div>\n<\/div>","protected":false},"excerpt":{"rendered":"<p>Las cookies son peque\u00f1as cantidades de informaci\u00f3n que se almacenan en el navegador utilizado por cada usuario para que el servidor recuerde cierta informaci\u00f3n que posteriormente pueda utilizar. TIPOS DE COOKIES QUE UTILIZAMOS Esta p\u00e1gina web utiliza cookies de terceros que son aquellas que se env\u00edan a tu ordenador o terminal desde un dominio o [&hellip;]<\/p>\n","protected":false},"author":1,"featured_media":0,"parent":0,"menu_order":0,"comment_status":"closed","ping_status":"closed","template":"page-templates\/full-width-page.php","meta":[],"_links":{"self":[{"href":"https:\/\/sexmeros.com\/sexmoelespinar\/wp-json\/wp\/v2\/pages\/637"}],"collection":[{"href":"https:\/\/sexmeros.com\/sexmoelespinar\/wp-json\/wp\/v2\/pages"}],"about":[{"href":"https:\/\/sexmeros.com\/sexmoelespinar\/wp-json\/wp\/v2\/types\/page"}],"author":[{"embeddable":true,"href":"https:\/\/sexmeros.com\/sexmoelespinar\/wp-json\/wp\/v2\/users\/1"}],"replies":[{"embeddable":true,"href":"https:\/\/sexmeros.com\/sexmoelespinar\/wp-json\/wp\/v2\/comments?post=637"}],"version-history":[{"count":3,"href":"https:\/\/sexmeros.com\/sexmoelespinar\/wp-json\/wp\/v2\/pages\/637\/revisions"}],"predecessor-version":[{"id":649,"href":"https:\/\/sexmeros.com\/sexmoelespinar\/wp-json\/wp\/v2\/pages\/637\/revisions\/649"}],"wp:attachment":[{"href":"https:\/\/sexmeros.com\/sexmoelespinar\/wp-json\/wp\/v2\/media?parent=637"}],"curies":[{"name":"wp","href":"https:\/\/api.w.org\/{rel}","templated":true}]}}