{"id":560,"date":"2023-02-03T19:37:29","date_gmt":"2023-02-03T19:37:29","guid":{"rendered":"https:\/\/sexmeros.com\/sexmoelespinar\/?page_id=560"},"modified":"2023-02-03T20:42:22","modified_gmt":"2023-02-03T20:42:22","slug":"comida","status":"publish","type":"page","link":"https:\/\/sexmeros.com\/sexmoelespinar\/comida\/","title":{"rendered":"Comida"},"content":{"rendered":"<div data-colibri-id=\"560-c1\" class=\"style-381 style-local-560-c1 position-relative\">\n  <!---->\n  <div data-colibri-component=\"section\" data-colibri-id=\"560-c2\" id=\"about\" class=\"h-section h-section-global-spacing d-flex align-items-lg-center align-items-md-center align-items-center style-382 style-local-560-c2 position-relative\">\n    <!---->\n    <!---->\n    <div class=\"h-section-grid-container h-section-boxed-container\">\n      <!---->\n      <div data-colibri-id=\"560-c3\" class=\"h-row-container gutters-row-lg-2 gutters-row-md-2 gutters-row-2 gutters-row-v-lg-2 gutters-row-v-md-2 gutters-row-v-2 style-383 style-local-560-c3 position-relative\">\n        <!---->\n        <div class=\"h-row justify-content-lg-center justify-content-md-center justify-content-center align-items-lg-stretch align-items-md-stretch align-items-stretch gutters-col-lg-2 gutters-col-md-2 gutters-col-2 gutters-col-v-lg-2 gutters-col-v-md-2 gutters-col-v-2\">\n          <!---->\n          <div class=\"h-column h-column-container d-flex h-col-lg-auto h-col-md-auto h-col-auto style-384-outer style-local-560-c4-outer\">\n            <div data-colibri-id=\"560-c4\" class=\"d-flex h-flex-basis h-column__inner h-px-lg-2 h-px-md-2 h-px-2 v-inner-lg-2 v-inner-md-2 v-inner-2 style-384 style-local-560-c4 position-relative\">\n              <!---->\n              <!---->\n              <div class=\"w-100 h-y-container h-column__content h-column__v-align flex-basis-100 align-self-lg-center align-self-md-center align-self-center\">\n                <!---->\n                <div data-colibri-id=\"560-c5\" class=\"h-global-transition-all h-heading style-385 style-local-560-c5 position-relative h-element\">\n                  <!---->\n                  <div class=\"h-heading__outer style-385 style-local-560-c5\">\n                    <!---->\n                    <!---->\n                    <h5 class=\"\">Comida popular<\/h5>\n                  <\/div>\n                <\/div>\n                <div data-colibri-id=\"560-c6\" class=\"h-global-transition-all h-heading style-386 style-local-560-c6 position-relative h-element\">\n                  <!---->\n                  <div class=\"h-heading__outer style-386 style-local-560-c6\">\n                    <!---->\n                    <!---->\n                    <h2 class=\"\">Y al terminar la&nbsp;<em style=\"font-family: &quot;Playfair Display&quot;; color: rgb(247, 144, 7);\">divertida<\/em>&nbsp;jornada en&nbsp;<em style=\"font-family: &quot;Playfair Display&quot;; color: rgb(247, 144, 7);\">bicicleta de monta\u00f1a, <\/em>todos\n                      a disfrutar de una deliciosa paella mixta.<\/h2>\n                  <\/div>\n                <\/div>\n                <div data-colibri-id=\"560-c7\" class=\"h-text h-text-component style-387 style-local-560-c7 position-relative h-element\">\n                  <!---->\n                  <!---->\n                  <div class=\"\">\n                    <p>Todos los participantes tienen incluida con la inscripci\u00f3n u un ticket de paella si desean quedarse a comer con todos nosotros.<\/p>\n                    <p>Si vienen acompa\u00f1antes contigo y quieres que ellos tambi\u00e9n puedan disfrutar de esta delicatesse culinaria, desde aqu\u00ed puedes adquirir tickets extra.<\/p>\n                  <\/div>\n                <\/div>\n                <div data-colibri-id=\"560-c8\" class=\"h-x-container style-388 style-local-560-c8 position-relative h-element\">\n                  <!---->\n                  <div class=\"h-x-container-inner style-dynamic-560-c8-group style-388-spacing style-local-560-c8-spacing\"><span class=\"h-button__outer style-389-outer style-local-560-c9-outer d-inline-flex h-element\"><a h-use-smooth-scroll=\"true\" href=\"https:\/\/youevent.es\/sport\/Tabla_FichaEventoOcio.asp?id_competicion=6408\"  data-colibri-id=\"560-c9\" class=\"d-flex w-100 align-items-center h-button justify-content-lg-center justify-content-md-center justify-content-center style-389 style-local-560-c9 position-relative\"><!----><!----> <span>Comprar Tickets<\/span><\/a>\n                    <\/span>\n                  <\/div>\n                <\/div>\n              <\/div>\n            <\/div>\n          <\/div>\n          <div class=\"h-column h-column-container d-flex h-col-lg-auto h-col-md-auto h-col-auto style-390-outer style-local-560-c10-outer\">\n            <div data-colibri-id=\"560-c10\" class=\"d-flex h-flex-basis h-column__inner h-px-lg-2 h-px-md-2 h-px-2 v-inner-lg-2 v-inner-md-2 v-inner-2 style-390 style-local-560-c10 position-relative\">\n              <!---->\n              <!---->\n              <div class=\"w-100 h-y-container h-column__content h-column__v-align flex-basis-100 align-self-lg-center align-self-md-center align-self-center\">\n                <!---->\n                <div data-colibri-id=\"560-c11\" class=\"d-block style-391 style-local-560-c11 position-relative h-element\">\n                  <!---->\n                  <div class=\"h-image__frame-container-outer\">\n                    <div class=\"h-image__frame-container\">\n                      <!---->\n                      <!---->\n                      <img decoding=\"async\" loading=\"lazy\" width=\"1425\" height=\"1424\" src=\"https:\/\/sexmeros.com\/sexmoelespinar\/wp-content\/uploads\/2023\/02\/cropped-S22SL-0458.jpg\" class=\"wp-image-578 style-391-image style-local-560-c11-image\" srcset=\"https:\/\/sexmeros.com\/sexmoelespinar\/wp-content\/uploads\/2023\/02\/cropped-S22SL-0458.jpg 1425w, https:\/\/sexmeros.com\/sexmoelespinar\/wp-content\/uploads\/2023\/02\/cropped-S22SL-0458-300x300.jpg 300w, https:\/\/sexmeros.com\/sexmoelespinar\/wp-content\/uploads\/2023\/02\/cropped-S22SL-0458-1024x1024.jpg 1024w, https:\/\/sexmeros.com\/sexmoelespinar\/wp-content\/uploads\/2023\/02\/cropped-S22SL-0458-150x150.jpg 150w, https:\/\/sexmeros.com\/sexmoelespinar\/wp-content\/uploads\/2023\/02\/cropped-S22SL-0458-768x767.jpg 768w\" sizes=\"(max-width: 1425px) 100vw, 1425px\" alt=\"\" \/>\n                      <div class=\"h-image__frame h-hide-sm style-391-frameImage style-local-560-c11-frameImage\"><\/div>\n                    <\/div>\n                  <\/div>\n                <\/div>\n              <\/div>\n            <\/div>\n          <\/div>\n        <\/div>\n      <\/div>\n    <\/div>\n  <\/div>\n  <div data-colibri-component=\"section\" data-colibri-id=\"560-c12\" id=\"custom\" class=\"h-section h-section-global-spacing d-flex align-items-lg-center align-items-md-center align-items-center style-392 style-local-560-c12 position-relative\">\n    <!---->\n    <!---->\n    <div class=\"h-section-grid-container h-section-boxed-container\">\n      <!---->\n      <div data-colibri-id=\"560-c20\" class=\"h-row-container gutters-row-lg-2 gutters-row-md-2 gutters-row-0 gutters-row-v-lg-2 gutters-row-v-md-2 gutters-row-v-2 style-400 style-local-560-c20 position-relative\">\n        <!---->\n        <div class=\"h-row justify-content-lg-center justify-content-md-center justify-content-center align-items-lg-stretch align-items-md-stretch align-items-stretch gutters-col-lg-2 gutters-col-md-2 gutters-col-0 gutters-col-v-lg-2 gutters-col-v-md-2 gutters-col-v-2\">\n          <!---->\n          <div class=\"h-column h-column-container d-flex h-col-lg-auto h-col-md-auto h-col-auto style-401-outer style-local-560-c21-outer\">\n            <div data-colibri-id=\"560-c21\" class=\"d-flex h-flex-basis h-column__inner h-px-lg-2 h-px-md-2 h-px-2 v-inner-lg-2 v-inner-md-2 v-inner-2 style-401 style-local-560-c21 position-relative\">\n              <!---->\n              <!---->\n              <div class=\"w-100 h-y-container h-column__content h-column__v-align flex-basis-100 align-self-lg-start align-self-md-start align-self-start\">\n                <!---->\n                <div data-colibri-id=\"560-c22\" class=\"d-block style-402 style-local-560-c22 position-relative h-element\">\n                  <!---->\n                  <div class=\"h-image__frame-container-outer\">\n                    <a href=\"https:\/\/elportondejavier.com\/\" target=\"_blank\" h-use-smooth-scroll=\"true\" class=\"image-link\" rel=\"noopener\">\n                      <div class=\"h-image__frame-container\">\n                        <!---->\n                        <!---->\n                        <img decoding=\"async\" loading=\"lazy\" width=\"715\" height=\"415\" src=\"https:\/\/sexmeros.com\/sexmoelespinar\/wp-content\/uploads\/2023\/02\/restauranteelportndejavier.jpg\" class=\"wp-image-590 style-402-image style-local-560-c22-image\" srcset=\"https:\/\/sexmeros.com\/sexmoelespinar\/wp-content\/uploads\/2023\/02\/restauranteelportndejavier.jpg 715w, https:\/\/sexmeros.com\/sexmoelespinar\/wp-content\/uploads\/2023\/02\/restauranteelportndejavier-300x174.jpg 300w\" sizes=\"(max-width: 715px) 100vw, 715px\" alt=\"\" \/>\n                        <div class=\"h-image__frame h-hide-lg h-hide-md h-hide-sm style-402-frameImage style-local-560-c22-frameImage\"><\/div>\n                      <\/div>\n                    <\/a>\n                  <\/div>\n                <\/div>\n                <div data-colibri-id=\"560-c25\" class=\"h-text h-text-component style-405 style-local-560-c25 position-relative h-element\">\n                  <!---->\n                  <!---->\n                  <div class=\"\">\n                    <p>Diez a\u00f1os confiando en el buen hacer y la profesionalidad del catering de Restaurante \u00abEl Port\u00f3n de Javier\u00bb.<\/p>\n                  <\/div>\n                <\/div>\n              <\/div>\n            <\/div>\n          <\/div>\n        <\/div>\n      <\/div>\n      <div data-colibri-id=\"560-c13\" class=\"h-row-container gutters-row-lg-2 gutters-row-md-2 gutters-row-0 gutters-row-v-lg-2 gutters-row-v-md-2 gutters-row-v-2 style-393 style-local-560-c13 position-relative\">\n        <!---->\n        <div class=\"h-row justify-content-lg-center justify-content-md-center justify-content-center align-items-lg-stretch align-items-md-stretch align-items-stretch gutters-col-lg-2 gutters-col-md-2 gutters-col-0 gutters-col-v-lg-2 gutters-col-v-md-2 gutters-col-v-2\">\n          <!---->\n          <div class=\"h-column h-column-container d-flex h-col-lg-auto h-col-md-auto h-col-auto style-394-outer style-local-560-c14-outer\">\n            <div data-colibri-id=\"560-c14\" class=\"d-flex h-flex-basis h-column__inner h-px-lg-2 h-px-md-2 h-px-2 v-inner-lg-2 v-inner-md-2 v-inner-2 style-394 style-local-560-c14 position-relative\">\n              <!---->\n              <!---->\n              <div class=\"w-100 h-y-container h-column__content h-column__v-align flex-basis-100 align-self-lg-start align-self-md-start align-self-start\">\n                <!---->\n                <div data-colibri-id=\"560-c17\" class=\"d-block style-397 style-local-560-c17 position-relative h-element\">\n                  <!---->\n                  <div class=\"h-image__frame-container-outer\">\n                    <div class=\"h-image__frame-container\">\n                      <!---->\n                      <!---->\n                      <img decoding=\"async\" loading=\"lazy\" width=\"1425\" height=\"1900\" src=\"https:\/\/sexmeros.com\/sexmoelespinar\/wp-content\/uploads\/2023\/02\/S22SL-0460.jpg\" class=\"wp-image-588 style-397-image style-local-560-c17-image\" srcset=\"https:\/\/sexmeros.com\/sexmoelespinar\/wp-content\/uploads\/2023\/02\/S22SL-0460.jpg 1425w, https:\/\/sexmeros.com\/sexmoelespinar\/wp-content\/uploads\/2023\/02\/S22SL-0460-225x300.jpg 225w, https:\/\/sexmeros.com\/sexmoelespinar\/wp-content\/uploads\/2023\/02\/S22SL-0460-768x1024.jpg 768w, https:\/\/sexmeros.com\/sexmoelespinar\/wp-content\/uploads\/2023\/02\/S22SL-0460-1152x1536.jpg 1152w\" sizes=\"(max-width: 1425px) 100vw, 1425px\" alt=\"\" \/>\n                      <div class=\"h-image__frame h-hide-lg h-hide-md h-hide-sm style-397-frameImage style-local-560-c17-frameImage\"><\/div>\n                    <\/div>\n                  <\/div>\n                <\/div>\n              <\/div>\n            <\/div>\n          <\/div>\n          <div class=\"h-column h-column-container d-flex h-col-lg-auto h-col-md-auto h-col-auto style-395-outer style-local-560-c15-outer\">\n            <div data-colibri-id=\"560-c15\" class=\"d-flex h-flex-basis h-column__inner h-px-lg-2 h-px-md-2 h-px-2 v-inner-lg-2 v-inner-md-2 v-inner-2 style-395 style-local-560-c15 position-relative\">\n              <!---->\n              <!---->\n              <div class=\"w-100 h-y-container h-column__content h-column__v-align flex-basis-100 align-self-lg-start align-self-md-start align-self-start\">\n                <!---->\n                <div data-colibri-id=\"560-c18\" class=\"d-block style-398 style-local-560-c18 position-relative h-element\">\n                  <!---->\n                  <div class=\"h-image__frame-container-outer\">\n                    <div class=\"h-image__frame-container\">\n                      <!---->\n                      <!---->\n                      <img decoding=\"async\" loading=\"lazy\" width=\"1425\" height=\"1900\" src=\"https:\/\/sexmeros.com\/sexmoelespinar\/wp-content\/uploads\/2023\/02\/S22SL-0459.jpg\" class=\"wp-image-587 style-398-image style-local-560-c18-image\" srcset=\"https:\/\/sexmeros.com\/sexmoelespinar\/wp-content\/uploads\/2023\/02\/S22SL-0459.jpg 1425w, https:\/\/sexmeros.com\/sexmoelespinar\/wp-content\/uploads\/2023\/02\/S22SL-0459-225x300.jpg 225w, https:\/\/sexmeros.com\/sexmoelespinar\/wp-content\/uploads\/2023\/02\/S22SL-0459-768x1024.jpg 768w, https:\/\/sexmeros.com\/sexmoelespinar\/wp-content\/uploads\/2023\/02\/S22SL-0459-1152x1536.jpg 1152w\" sizes=\"(max-width: 1425px) 100vw, 1425px\" alt=\"\" \/>\n                      <div class=\"h-image__frame h-hide-lg h-hide-md h-hide-sm style-398-frameImage style-local-560-c18-frameImage\"><\/div>\n                    <\/div>\n                  <\/div>\n                <\/div>\n              <\/div>\n            <\/div>\n          <\/div>\n          <div class=\"h-column h-column-container d-flex h-col-lg-auto h-col-md-auto h-col-auto style-396-outer style-local-560-c16-outer\">\n            <div data-colibri-id=\"560-c16\" class=\"d-flex h-flex-basis h-column__inner h-px-lg-2 h-px-md-2 h-px-2 v-inner-lg-2 v-inner-md-2 v-inner-2 style-396 style-local-560-c16 position-relative\">\n              <!---->\n              <!---->\n              <div class=\"w-100 h-y-container h-column__content h-column__v-align flex-basis-100 align-self-lg-start align-self-md-start align-self-start\">\n                <!---->\n                <div data-colibri-id=\"560-c19\" class=\"d-block style-399 style-local-560-c19 position-relative h-element\">\n                  <!---->\n                  <div class=\"h-image__frame-container-outer\">\n                    <div class=\"h-image__frame-container\">\n                      <!---->\n                      <!---->\n                      <img decoding=\"async\" loading=\"lazy\" width=\"1425\" height=\"1900\" src=\"https:\/\/sexmeros.com\/sexmoelespinar\/wp-content\/uploads\/2023\/02\/S22SL-0453.jpg\" class=\"wp-image-589 style-399-image style-local-560-c19-image\" srcset=\"https:\/\/sexmeros.com\/sexmoelespinar\/wp-content\/uploads\/2023\/02\/S22SL-0453.jpg 1425w, https:\/\/sexmeros.com\/sexmoelespinar\/wp-content\/uploads\/2023\/02\/S22SL-0453-225x300.jpg 225w, https:\/\/sexmeros.com\/sexmoelespinar\/wp-content\/uploads\/2023\/02\/S22SL-0453-768x1024.jpg 768w, https:\/\/sexmeros.com\/sexmoelespinar\/wp-content\/uploads\/2023\/02\/S22SL-0453-1152x1536.jpg 1152w\" sizes=\"(max-width: 1425px) 100vw, 1425px\" alt=\"\" \/>\n                      <div class=\"h-image__frame h-hide-lg h-hide-md h-hide-sm style-399-frameImage style-local-560-c19-frameImage\"><\/div>\n                    <\/div>\n                  <\/div>\n                <\/div>\n              <\/div>\n            <\/div>\n          <\/div>\n        <\/div>\n      <\/div>\n    <\/div>\n  <\/div>\n<\/div>","protected":false},"excerpt":{"rendered":"<p>Comida popular Y al terminar la&nbsp;divertida&nbsp;jornada en&nbsp;bicicleta de monta\u00f1a, todos a disfrutar de una deliciosa paella mixta. Todos los participantes tienen incluida con la inscripci\u00f3n u un ticket de paella si desean quedarse a comer con todos nosotros. Si vienen acompa\u00f1antes contigo y quieres que ellos tambi\u00e9n puedan disfrutar de esta delicatesse culinaria, desde aqu\u00ed [&hellip;]<\/p>\n","protected":false},"author":1,"featured_media":0,"parent":0,"menu_order":0,"comment_status":"closed","ping_status":"closed","template":"page-templates\/full-width-page.php","meta":[],"_links":{"self":[{"href":"https:\/\/sexmeros.com\/sexmoelespinar\/wp-json\/wp\/v2\/pages\/560"}],"collection":[{"href":"https:\/\/sexmeros.com\/sexmoelespinar\/wp-json\/wp\/v2\/pages"}],"about":[{"href":"https:\/\/sexmeros.com\/sexmoelespinar\/wp-json\/wp\/v2\/types\/page"}],"author":[{"embeddable":true,"href":"https:\/\/sexmeros.com\/sexmoelespinar\/wp-json\/wp\/v2\/users\/1"}],"replies":[{"embeddable":true,"href":"https:\/\/sexmeros.com\/sexmoelespinar\/wp-json\/wp\/v2\/comments?post=560"}],"version-history":[{"count":7,"href":"https:\/\/sexmeros.com\/sexmoelespinar\/wp-json\/wp\/v2\/pages\/560\/revisions"}],"predecessor-version":[{"id":622,"href":"https:\/\/sexmeros.com\/sexmoelespinar\/wp-json\/wp\/v2\/pages\/560\/revisions\/622"}],"wp:attachment":[{"href":"https:\/\/sexmeros.com\/sexmoelespinar\/wp-json\/wp\/v2\/media?parent=560"}],"curies":[{"name":"wp","href":"https:\/\/api.w.org\/{rel}","templated":true}]}}